t j(b) = b. Let o(q) = -17*q + 1. Let h(x) = -4*j(x) - o(x). Let s be h(1). Let n = s - 7. What is the units digit of n?
5
Let t(j) = -j**3 - 4*j**2 - 3*j - 2. What is the units digit of t(-4)?
0
Let f(w) = w**3 - 2*w**2 + w + 6. What is the tens digit of f(4)?
4
Let c(n) = 2*n**2 - 9*n - 5. Let k = -3 - -10. What is the units digit of c(k)?
0
Let b be 0/(-7) - (0 + 0). Suppose b = 6*j - 2*j - 200. What is the tens digit of j?
5
Let s = 650 - 222. What is the units digit of s?
8
Suppose 3*l + 2*l - 65 = 0. What is the units digit of l?
3
Suppose -4*o + 23 = x, 0*x - 10 = 2*x. Suppose o*j = 2*j + 5. What is the units digit of 1/(12/10 - j)?
5
Suppose -2*h - q - 18 = -6*h, 0 = -3*h - 3*q + 21. Suppose 0 = p + h - 17. What is the tens digit of p?
1
Suppose 3*z - 2 = 22. Let j(h) = -h**3 + 8*h**2 + 2*h - 12. What is the units digit of j(z)?
4
Suppose -3*m - 22 - 86 = 0. Let z = m - -60. Suppose -w = 3*w - z. What is the units digit of w?
6
Let x be 5 - 7 - (-5 - 1). Suppose 0 = -4*s + r - 4*r + 6, 4*r = -x*s + 8. Suppose s = k + 4*h - 1, -k - 5*h = k - 5. What is the units digit of k?
5
Suppose 2*v - 41 = -l, 2*v = -4*l + 6*v + 212. What is the units digit of l?
9
Let u be 5/2*(-8)/(-5). Let g = -3 + u. What is the units digit of g?
1
Let l = 5 + 110. Suppose -86 = -4*d + m, 5*d - m - l = 4*m. What is the units digit of d?
1
What is the units digit of (-34)/(-14) + (-12)/28?
2
Suppose -8*q + 9*q - 111 = 0. What is the units digit of q?
1
Let l(i) = -2*i - 8. Let t be l(-7). Let b = t + -4. What is the units digit of b?
2
Suppose -4*k = -3*p + 7*p - 208, -12 = -4*p. What is the tens digit of k?
4
Let q(g) = -g**2 + 7*g + 3. Let d be q(7). Suppose 3*l - f - 21 = 28, -5*l + 87 = -d*f. What is the tens digit of l?
1
Let q(k) = -k**3 - 8*k**2 - 7*k - 5. Let h be q(-7). Let t = -5 + h. Let w = 19 + t. What is the units digit of w?
9
Let o = -31 + 53. What is the units digit of o?
2
Let o be 7/2 - 1/2. Let l = o + -1. Suppose -4*f + 16 = -l*f - n, -5*f + 54 = n. What is the tens digit of f?
1
Let i = -35 - -133. What is the units digit of i?
8
Let k = 52 + -33. Let j = k - 11. Suppose 2*w + 3*s - j = 0, -5*w = 3*s - 7*s - 20. What is the units digit of w?
4
Suppose -2*s - 3*s - 10 = 0. Let u be (-2*(6 + -2))/s. Suppose 4*k - 4*l - 57 = -k, k = -u*l - 3. What is the units digit of k?
9
What is the tens digit of 4/(-10) + (-216)/(-15)?
1
What is the tens digit of 319 - -1*(-12)/(-6)?
2
Let c = -5 - -3. Let z be c - -1 - (-2 + -4). Suppose 0 = -3*n - 7*m + 2*m + 49, 0 = -z*n + 5*m + 15. What is the units digit of n?
8
Let h(n) = -11*n - 5. What is the tens digit of h(-4)?
3
Suppose 2*i + 3 = -3. What is the units digit of (i + 4)*(0 + 5)?
5
Let g = -1 - -1. Let p(y) = 3*y - 7*y + g*y. What is the units digit of p(-2)?
8
Suppose -4*b + 15 = b. Suppose 4 = w, -i - b*w + w = -12. Suppose -12 + i = -2*m. What is the units digit of m?
4
Suppose 4*g - 494 = -5*j, 0 = -2*j - 4 + 8. What is the hundreds digit of g?
1
What is the units digit of (-3 + 3 + 2)/(-1) - -89?
7
Suppose -x - 2*h + 160 = -12, 0 = 4*x - 4*h - 736. What is the tens digit of x?
8
Let k = 0 + 2. Suppose -2*w + 2*z + 12 = 0, 3*w + k*w - 51 = -2*z. What is the units digit of w?
9
Let b(l) = l**3 - 3*l**2 + 3*l - 3. Let h be b(2). Let z be (2/(h/1))/(-1). Suppose -z*d + 3*x + 15 = 0, -2*d + 5*x = -7*d + 25. What is the units digit of d?
6
Let f = 125 - 55. What is the tens digit of f?
7
Suppose -33 - 237 = -3*t. What is the units digit of t?
0
Let b = -5 - -7. Let z = b + 2. What is the units digit of z?
4
Suppose 0 = 2*c - 8, 14 = 2*j - j + 3*c. Let t = j - 2. Suppose t*h = 2*y + 3*h - 27, -5*h + 6 = -y. What is the units digit of y?
9
Let g be (-3)/((-24)/9 - -3). What is the units digit of 4 - (-3)/(g/(-6))?
6
Let r be (-1)/(-2) - 30/(-12). Suppose -2*h + r*y - 5 = 0, h + y + 1 = 2*y. What is the units digit of h?
2
Let p(w) = -w**3 - 6*w**2 + 5*w - 9. Let f be p(-7). Let h = 8 - 5. Suppose 0 = h*q, 2*s - 21 = -s + f*q. What is the units digit of s?
7
What is the hundreds digit of 27748/76 - 4/38?
3
Let f = -49 + 25. Let o = 42 + f. What is the units digit of o?
8
Let c = -339 - -543. What is the units digit of c/12 + (-1 - -2)?
8
What is the units digit of (-1)/(-3) + (-14)/(-21)?
1
Let k = 4 - 2. Suppose -u = b + 1, k*b - 4*u - 12 = 10. What is the units digit of b?
3
Let v(q) = 20*q**2 - 14*q + 20. Let g(o) = 7*o**2 - 5*o + 7. Let t(w) = -17*g(w) + 6*v(w). Let a be t(-2). Let c = a - -1. What is the units digit of c?
4
What is the units digit of 44 + (-7)/(7/2)?
2
Let f be -1 + 2 + 90/5. Suppose -5*v - 54 = -3*m - 181, m - f = -v. What is the units digit of v?
3
Let n = 22 + -46. Let p = 50 + n. What is the tens digit of p?
2
Suppose -5*f = -329 - 166. What is the tens digit of f?
9
Let f(k) = -24*k**3 - k**2 - 2*k - 1. What is the units digit of f(-1)?
4
Let v(a) = -a**2 - 4*a + 1. Let w be v(-3). Let f = 4 + -2. Let h = w - f. What is the units digit of h?
2
Let y(c) = 4*c - 6. Let s(j) = -2*j + 3. Let v(w) = 5*s(w) + 3*y(w). Let f be v(6). Let p = f - -2. What is the units digit of p?
1
Suppose 14 = 5*f - 6. Suppose i - 36 = -f*c, -3*c - 38 = -3*i - c. What is the tens digit of i?
1
Let a = 54 - -54. What is the hundreds digit of a?
1
Let y(u) be the third derivative of -u**4/12 + u**3/3 - 4*u**2. What is the units digit of y(-6)?
4
Suppose -4*d + 40 = 4. What is the units digit of d?
9
Let a be (9/3)/(2/4). Suppose -a*n = -3*n. Suppose -q + 1 = -n. What is the units digit of q?
1
What is the units digit of -3 + (-7)/((-21)/36)?
9
Let v(u) = -u**3 + 11*u**2 + 15*u + 16. What is the units digit of v(12)?
2
What is the units digit of ((-4)/(-5) - -1)/(18/90)?
9
Suppose -5*k - 8 = 2*a, -3*a + 5*k - 4 = -42. Let r(d) = -3 - 4 + d + 2. What is the units digit of r(a)?
1
What is the units digit of (-4)/(-6)*(-1260)/(-10)?
4
Let p(c) = -12*c**2 - c + 1. Let n be p(1). Let j = 19 - n. What is the units digit of j?
1
Let s be (6/7)/(6/28). Suppose 3*o - s*i = 106, -i + 65 = 2*o + 9. What is the units digit of o?
0
Let m be (-6)/2 + 3 - -5. Let j = -4 + m. What is the tens digit of j - (-1 - 18) - 1?
1
Suppose 5*g = -4*t + 100, -2*t + 50 = g + 3*g. What is the tens digit of t?
2
Let k(r) = -r + 5. Let f be k(-5). Suppose -v - 6 = -2*y + 13, -5*y + f = 5*v. What is the units digit of y?
7
Suppose -2*z - 10 = -4*f, -44 + 4 = 5*z - 5*f. What is the units digit of 19 + z - (1 - 1)?
8
Let k be 2 + 0 - 10/1. Let v = -3 - k. Let x = 9 - v. What is the units digit of x?
4
Suppose 2*q - 3*i + 48 = 185, q - i - 66 = 0. What is the tens digit of q?
6
Suppose 12 = 3*f - 5*c, 2*f - 8 = -3*c - 0. Let i(l) = l**2 - 3. What is the units digit of i(f)?
3
Suppose -3*v - 10 + 4 = 0. Let q be v/5 - 3/5. Let g(x) = 2*x**2 - x - 1. What is the units digit of g(q)?
2
Let r(c) = 2*c. Let x be r(1). Suppose 5*w = -5*s - 0*w + 65, x*s = -w + 26. What is the tens digit of s?
1
Let j = -21 + 64. What is the units digit of j?
3
Suppose 2*y = 4, -4*l - 53 - 289 = y. What is the tens digit of 2/4 - l/4?
2
Suppose u - 2*d = 4*u - 11, u - 15 = 5*d. Let t(a) = a**2 + 9*a - 9. Let x be t(-10). Suppose -2*s + u + x = 0. What is the units digit of s?
3
Let i(c) = -c**3 + 12*c**2 - c + 12. Let x be i(12). Suppose -5*m + 85 = -3*f, x = 4*m - 3*m - 5*f - 39. What is the tens digit of m?
1
Let p(g) be the first derivative of 2*g**3/3 - g**2 - 3*g + 1. What is the units digit of p(-2)?
9
Let w(m) = -5*m + 14. What is the units digit of w(-24)?
4
Suppose 0 = 3*q + 9*q - 1440. What is the tens digit of q?
2
Suppose 5*w = 4*w + 44. Let b = 64 - w. What is the tens digit of b?
2
Let y(x) be the first derivative of -x**4/4 + 8*x**3/3 + 5*x**2/2 - 11*x - 2. Let l be y(8). Suppose -3*m + l - 11 = 0. What is the units digit of m?
6
Suppose -3*i - 3*s + 9 = -9, 4*s - 12 = -i. Suppose 0 = -i*q - 3*w - 17, 3*w + 13 = q - 2*w. What is the units digit of (-1 + -2)/(q/6)?
9
Let k = 280 - 198. What is the units digit of k?
2
Let y be 2*3*(-1)/(-6). Let q = y + 1. What is the units digit of q?
2
Let a(w) be the first derivative of 1/2*w**2 + 0*w + 3/2*w**4 - 1 - 2/3*w**3. What is the units digit of a(1)?
5
Suppose 9*m - 4*m = 1565. What is the tens digit of m?
1
What is the tens digit of (-1)/(4/(-136)) - 3?
3
Let i(t) be the third derivative of t**5/